, what is 10000001110011111 - 0?
10000001110011111
In base 16, what is -5 - -1e137?
1e132
In base 12, what is -2 + 8401?
83bb
In base 13, what is 11b - -2c24?
3042
In base 15, what is 90a53 - -3?
90a56
In base 8, what is 214720 + -7?
214711
In base 11, what is 474a - -4?
4753
In base 11, what is -15 - 3135?
-314a
In base 13, what is 13372 - b6?
13289
In base 13, what is -3 + -8313?
-8316
In base 11, what is 84878 + -20?
84858
In base 9, what is -5 - -171381?
171375
In base 13, what is 4 - 4710?
-4709
In base 6, what is -2 - -255511?
255505
In base 12, what is -2b20 - -47?
-2a95
In base 15, what is -1be82 - 5?
-1be87
In base 8, what is 2305 + -141?
2144
In base 10, what is 18 - -12188?
12206
In base 8, what is -34 - 20270?
-20324
In base 11, what is 79 + 162?
230
In base 7, what is 42 + -1003?
-631
In base 14, what is -1 + 1db8?
1db7
In base 2, what is 111000101 + 10010011111001?
10011010111110
In base 8, what is 5616103 - -1?
5616104
In base 15, what is -3 - -3e183?
3e180
In base 15, what is -16391 + 0?
-16391
In base 16, what is -172 + 17?
-15b
In base 2, what is -111001011 + -1010100?
-1000011111
In base 13, what is 247 + -215?
32
In base 2, what is -100100 - 10110101110?
-10111010010
In base 15, what is -c6153 - -2?
-c6151
In base 5, what is -1000 - -1023021?
1022021
In base 10, what is 5 + 1669?
1674
In base 13, what is 6 - 10843?
-1083a
In base 15, what is -4da4 - 4?
-4da8
In base 8, what is -1302 + 261?
-1021
In base 8, what is 2 - -6305?
6307
In base 3, what is 10110000221 - -2?
10110001000
In base 16, what is -59e - -13?
-58b
In base 14, what is -a7 - bc6?
-c8d
In base 13, what is -6b10 - 8b?
-6b9b
In base 4, what is -210202130 - -3?
-210202121
In base 5, what is -130 - 2303242?
-2303422
In base 13, what is 2896a - -1?
2896b
In base 6, what is 3310055 - -2?
3310101
In base 6, what is 0 + -355435?
-355435
In base 8, what is -521233 + -14?
-521247
In base 14, what is 0 - -2d654?
2d654
In base 7, what is -123 - 2153?
-2306
In base 13, what is 4a97 + 13?
4aaa
In base 14, what is 559c - -5?
55a3
In base 9, what is -100 - 1420?
-1520
In base 14, what is -1 - -1c23?
1c22
In base 8, what is 15 - 122676?
-122661
In base 2, what is 1 + 1100001010010110001?
1100001010010110010
In base 2, what is -11011000 + 1001110000001?
1001010101001
In base 2, what is -101011 - -10011001100?
10010100001
In base 6, what is -21111134 - 0?
-21111134
In base 9, what is -124 + 4516?
4382
In base 8, what is 51607 - 1?
51606
In base 7, what is -16104 + 5?
-16066
In base 6, what is -4400 + 5002?
202
In base 10, what is -1606628 + 5?
-1606623
In base 7, what is 10126 + 0?
10126
In base 2, what is -111100001001000011 - 11?
-111100001001000110
In base 12, what is -1 - 471350?
-471351
In base 11, what is -1173 - -395?
-889
In base 3, what is -102 - 1201?
-2010
In base 8, what is -156 + -5535?
-5713
In base 15, what is 15ae1 + a?
15aeb
In base 11, what is 54164 - -3?
54167
In base 9, what is 141482 - -2?
141484
In base 2, what is -1 + 10001101011?
10001101010
In base 4, what is -11 - -1122200111?
1122200100
In base 2, what is 0 - 1010110100001001?
-1010110100001001
In base 6, what is -4002103 - -3?
-4002100
In base 13, what is -3ab3a + 4?
-3ab36
In base 13, what is 2471 + -16b?
2303
In base 10, what is -81078 + 5?
-81073
In base 4, what is -33220013133 + -11?
-33220013210
In base 14, what is -2b4b - 2?
-2b4d
In base 11, what is -2 - 16664?
-16666
In base 12, what is 547a5 - -13?
547b8
In base 7, what is 114044 - -1?
114045
In base 4, what is -12 + -1321313?
-1321331
In base 12, what is 33 + 26?
59
In base 3, what is 100210200 + -1010?
100202120
In base 7, what is 461644 + 3?
461650
In base 14, what is -4 + 1444c8?
1444c4
In base 13, what is 23c - b2?
15a
In base 10, what is 3 - 7993?
-7990
In base 13, what is -11 - 150?
-161
In base 5, what is 1404241 - -3?
1404244
In base 15, what is -5bcb7 + -8?
-5bcc0
In base 16, what is -5 - 5589?
-558e
In base 14, what is 3 + 6104a?
6104d
In base 2, what is -1000 + 1000011000010?
1000010111010
In base 10, what is 4 + 5881?
5885
In base 3, what is 10211112111 - 20?
10211112021
In base 7, what is -42 - -34230?
34155
In base 4, what is 12 - -1312230201?
1312230213
In base 10, what is 187 + 149?
336
In base 3, what is 121022110122 - 1?
121022110121
In base 10, what is 71 + 8096?
8167
In base 5, what is 23212 + 200?
23412
In base 3, what is 112001 + 122011?
1011012
In base 10, what is 6 - -8001?
8007
In base 3, what is -21212212 + 10?
-21212202
In base 4, what is -223 - 122310?
-123133
In base 5, what is -40443 - 3?
-41001
In base 12, what is 5 + 1097a?
10983
In base 2, what is -11101 + -1101110010?
-1110001111
In base 14, what is 10 - 83?
-73
In base 8, what is -14264 + 237?
-14025
In base 2, what is 101 + -11011001111000100011?
-11011001111000011110
In base 6, what is 3 - -40324?
40331
In base 4, what is -12130121302 + 11?
-12130121231
In base 9, what is 12 + -627135?
-627123
In base 15, what is -a3 - 2b1?
-364
In base 5, what is 101304 - -2?
101311
In base 10, what is -119667 + -45?
-119712
In base 3, what is -110000101011 + 12?
-110000100222
In base 16, what is -1daf81 + -2?
-1daf83
In base 7, what is -4 + -2220464?
-2220501
In base 10, what is -3442 - -11?
-3431
In base 13, what is -8 + -467?
-472
In base 7, what is 53 - 4035?
-3652
In base 16, what is -ed + -3af?
-49c
In base 16, what is -69 + 350?
2e7
In base 6, what is 205 + 14243?
14452
In base 15, what is 32 - -23c?
26e
In base 15, what is -2 - -11784?
11782
In base 11, what is -97a + 343?
-637
In base 4, what is -1 + 33011000?
33010333
In base 8, what is 47 - 14211?
-14142
In base 8, what is -1167 - 763?
-2152
In base 12, what is bb7048 + 0?
bb7048
In base 2, what is 101111 - 1000010101010?
-1000001111011
In base 5, what is 1211443 - -11?
1212004
In base 12, what is -47 + 5b8?
571
In base 16, what is -c26629 + -5?
-c2662e
In base 16, what is -7d + -106?
-183
In base 10, what is 14 - 95007?
-94993
In base 3, what is -2011100102 - -11?
-2011100021
In base 7, what is -340 + -6223?
-6563
In base 14, what is 32 - -1c80?
1cb2
In base 11, what is -1 + -64839?
-6483a
In base 7, what is -3325 + 1?
-3324
In base 2, what is -110000011010100101 + -11?
-110000011010101000
In base 16, what is -3db5c - 1?
-3db5d
In base 5, what is 41 - 1333?
-1242
In base 11, what is -2 + -35a909?
-35a910
In base 15, what is 5a + -96?
-3b
In base 6, what is 5 - 11354215?
-11354210
In base 15, what is -2 + 454a5?
454a3
In base 11, what is 1a8 + -181a?
-1622
In base 11, what is 455 - 35?
420
In base 7, what is 205061 + 11?
205102
In base 8, what is 2125 - 417?
1506
In base 4, what is -221 + -3320300?
-3321121
In base 7, what is 12150 + -6?
12141
In base 15, what is -7e38 - 33?
-7e6b
In base 6, what is 233 + -11503?
-11230
In base 11, what is -32 - 313?
-345
In base 10, what is 2 + -227755?
-227753
In base 9, what is -2 + -328651?
-328653
In base 5, what is -1411301 + -240?
-1412041
In base 13, what is 4 + -2a7a?
-2a76
In base 15, what is -491 - ccd?
-126e
In base 9, what is 6 + 187180?
187186
In base 8, what is -5051405 - -5?
-5051400
In base 2, what is 101001010011011 + 1100?
101001010100111
In base 5, what is -20022041 + 10?
-20022031
In base 6, what is 23201 - 100?
23101
In base 4, what is 312131 - 1?
312130
In base 15, what is -2 + 4e01d?
4e01b
In base 10, what is -555 - 61?
-616
In base 14, what is 2 + c2b82?
c2b84
In base 6, what is 120 + 555?
1115
In base 5, what is -2 - 1333434?
-1333441
In base 16, what is -63294 - -4?
-63290
In base 10, what is 104326 + -5?
104321
In base 10, what is 1 - 179476?
-179475
In base 9, what is 4 - -14374?
14378
In base 16, what is -87ae + -4?
-87b2
In base 9, what is -3208076 - -1?
-3208075
In base 8, what is 73725 + -7?
73716
In base 9, what is 1007434 + 3?
1007437
In base 10, what is -1 - -52982?
52981
In base 2, what is 100000100000011 - 1101001?
100000010011010
In base 10, what is -2091948 - -4?
-2091944
In base 2, what is 1010000010001010010 + -101?
1010000010001001101
In base 5, what is 3010111 + 3?
3010114
In base 10, what is 50661 + -4?
50657
In base 6, what is -142 - -11013?
10431
In base 14, what is -2dca + -24?
-3010
In base 10, what is -4 + -905032?
-905036
In base 9, what is -612 + -1128?
-1741
In base 2, what is -1010001 - 1000100000111?
-1000101011000
In